9491. List the prime factors of x.
3, 4931
What are the prime factors of (-612)/510 + 10542/10?
3, 13
Let l = -16 + 25. Suppose 0 = l*d - 24 - 3. Suppose -334 = -d*x - 5*w, -3*x - w = -6*x + 322. What are the prime factors of x?
2, 3
Let s(z) = 3*z - 3 + 43*z + 1 + 31. List the prime factors of s(14).
673
Let n be ((-7 - 0) + 9)/((-2)/(-4538)). Suppose 4*r - n = -5*i, 22*r - 2*i - 2278 = 20*r. List the prime factors of r.
3, 379
Let j = -4846 + 8731. Suppose j = 5*v - 5*o, -5*o = -2*v - v + 2325. List the prime factors of v.
2, 3, 5, 13
Let a = 364 - -2608. What are the prime factors of a?
2, 743
List the prime factors of (1/(6/32))/((-286)/(-109824)).
2
Let x(v) = -v**2 - 12*v - 3. Let l be x(-12). List the prime factors of (1 + l - 2) + 227.
223
Let o(z) = 7*z**3 - z**2 - 19*z + 42108. List the prime factors of o(0).
2, 3, 11, 29
Let p = 19973 + -11122. What are the prime factors of p?
53, 167
Let y(w) = 7*w**2 + 27*w + 478. What are the prime factors of y(30)?
2, 7, 271
Let q(w) = -w**3 + 11*w**2 - 5*w + 125. Let g be q(11). What are the prime factors of (6 + -3 - 162)/((-42)/g)?
5, 53
Let k(o) = 5*o**2 - 4*o - 3. Let h(l) be the first derivative of -5*l**2/2 + 9. Let x be h(1). List the prime factors of k(x).
2, 71
What are the prime factors of 1 + 0 + 2799 + (-8)/(-32)*8?
2, 3, 467
Suppose -722*y = -704*y - 250470. List the prime factors of y.
5, 11, 23
Let h(z) = 13*z + 12. Let f be h(-5). Let k = f + 57. Suppose 0 = -k*m + 390 + 222. What are the prime factors of m?
3, 17
Let p = -65 - -73. Suppose p*w - 1193 = 383. List the prime factors of w.
197
Let b = -1065 - -3335. List the prime factors of b.
2, 5, 227
Let d = 39 - 39. Suppose 5*n + 5*j = -d*j + 25, 3*j - 9 = -n. Suppose 59 = n*r - 4. What are the prime factors of r?
3, 7
Let k(s) = -6*s**3 + 357*s**2 - 129*s - 137. What are the prime factors of k(55)?
17, 29, 151
Suppose 22*p - 18*p = i - 538, 0 = -3*i + 3*p + 1596. List the prime factors of i.
2, 5, 53
Suppose 0 = -2*a - 2*s + 135 - 2071, -a + 2*s - 974 = 0. List the prime factors of (2*4)/((-20)/a).
2, 97
Let f = 4661 - -1813. What are the prime factors of f?
2, 3, 13, 83
Let z be ((-2)/(-4))/(5/430) - -2. Suppose 6*b - z = 507. List the prime factors of b.
2, 23
Let p(y) be the second derivative of 0 + 41/12*y**4 - y**2 - 38*y - 1/6*y**3. List the prime factors of p(2).
2, 5
Let c(r) = 393*r + 1475. List the prime factors of c(-3).
2, 37
Let r(o) = -218*o + 28. Let j be r(1). Let t = j + 1135. What are the prime factors of t?
3, 5, 7
Let x = -521 + 525. Suppose 0 = -4*c - x*n + 2512, -2*c = 3*n - 427 - 834. List the prime factors of c.
7, 89
Let b(t) be the second derivative of t**3/6 - 11*t**2/2 + 8*t. Let m be b(17). Suppose -4*x = j - 15, -2*j + m = j - x. What are the prime factors of j?
3
Let x(r) = 10*r**2 + 6*r - 1. Let u be x(1). List the prime factors of u/(-20) - 8913/(-12).
2, 7, 53
Let u = 5834 + 17978. List the prime factors of u.
2, 5953
Suppose -5*j + 2797 = 2*a - 10762, 0 = 4*a - j - 27151. What are the prime factors of a?
11, 617
Let h(v) = -64*v - 3. Let a be h(-6). Suppose -y - 223 = t, 960 + 165 = -5*t + 5*y. Let i = a + t. What are the prime factors of i?
157
Suppose 2*q + 4*a = 61600, -4*q - 4*a + 166247 = 43043. List the prime factors of q.
2, 15401
Let n = -585 + 597. What are the prime factors of 31*(12/8 + n/8)?
3, 31
Suppose 0*m + 2*m + 4 = 0. What are the prime factors of (7 - 46)*-1*(-18)/m?
3, 13
Let p be 2/(-1*(-5)/40). What are the prime factors of (-135)/(-2 - (-20)/p)?
2, 3, 5
Let h(q) = -5*q - 4. Let b be h(-1). Let j(w) = 471*w**2 - 4*w + 3. List the prime factors of j(b).
2, 5, 47
Let z = -54 - -54. Suppose z = -5*n + n. Suppose -15*y + 220 + 2000 = n. List the prime factors of y.
2, 37
Let x(b) = 14*b**2 + 10*b - 40. Let j be x(8). Let a = 1496 - j. What are the prime factors of a?
2, 5, 7
Let j = 52065 - 18271. What are the prime factors of j?
2, 61, 277
Let r(h) = 4329*h**2 - 913*h + 1832. List the prime factors of r(2).
2, 3, 2887
Suppose 79437 + 32744 - 25973 = 16*q. What are the prime factors of q?
2, 3, 449
Let o be 21 + 3/6*4. Suppose -3 = o*r - 24*r. Suppose -r*u - 25 + 322 = 0. List the prime factors of u.
3, 11
Suppose 3*g + 985*s - 980*s - 30863 = 0, 2*g + s - 20566 = 0. List the prime factors of g.
3, 23, 149
Suppose -5*a + 28682 = -m, 0 = -4*a + 2*m + 11920 + 11028. What are the prime factors of a?
2, 3, 239
Let z(d) = 129*d**2 + 15*d + 20. What are the prime factors of z(-11)?
2, 1933
Let j(i) = 2*i**2 - 28*i - 22. Let z be j(15). Let k(a) = 4*a**3 - 8*a**2 - 27*a - 1. List the prime factors of k(z).
1319
Let c = 9005 + 2009. What are the prime factors of c?
2, 5507
Let q(c) = -6*c. Let z(n) = n. Let p(b) = 2*q(b) + 11*z(b). Let y(i) = -i**3 - 16*i**2 - 13*i - 12. Let v(o) = -6*p(o) + y(o). List the prime factors of v(-16).
2, 5
Suppose -10 + 18 = 4*f. Suppose f*b - 23 = 3*b + 5*v, -2*b = -4*v - 10. List the prime factors of (2/b)/(2/(-99)).
3, 11
Suppose 3*j - 5355 = -6*j. Let t = j + -396. Suppose -3*r + 10*y = 8*y - t, -y - 200 = -3*r. List the prime factors of r.
67
Let f(c) = 2*c**2 + 6*c - 143. Let x be f(10). Let g = 264 - x. What are the prime factors of g?
3, 7
Let n(b) = 43*b**2 + 91*b + 1663. List the prime factors of n(-19).
13, 29, 41
Suppose -3*p - 46 = q + 13, p - 311 = 5*q. Let b = -1218 - -1309. Let c = q + b. What are the prime factors of c?
29
List the prime factors of (3 - 1)*(13183 + -10 - -11).
2, 103
Suppose 30*x - 226174 = 4*x. What are the prime factors of x?
8699
Suppose -2*h - 3*h - 36 = -3*q, -5 = -2*q - 3*h. List the prime factors of q/(49/140)*11*1.
2, 5, 11
Let q(s) = -3*s + 53. Let d be q(15). Suppose d*k = 10*k - 8. What are the prime factors of k/12 + 377/3?
2, 3, 7
Let y(g) be the first derivative of 9 + 12*g + 2*g**3 + 5/2*g**2. What are the prime factors of y(-5)?
137
Let m = -110 - -111. Suppose 0 = 13*h - 142 - m. Let g(s) = 2*s**2 - 17*s + 7. List the prime factors of g(h).
2, 31
Suppose -24*d - 16 = 104. What are the prime factors of (12 + (-35)/d)*25?
5, 19
Let c = -1522 - -4300. List the prime factors of c.
2, 3, 463
Let d be 2860/(-40) - (-27)/(-6). Let v be (-27)/(-2)*26/3. Let q = d + v. List the prime factors of q.
41
Let p(i) = -i. Let k(x) = 19*x + 101. Let z(q) = -3*k(q) + 3*p(q). List the prime factors of z(-32).
3, 7, 11
Suppose -4*p + 326 = -142. Let o = 1030 - p. List the prime factors of o.
11, 83
Suppose 5*z - 60 = z. Suppose 2*q + 4*d = -6, 3*q - 4*d + 2*d - z = 0. Suppose 3*i + q*i - 150 = 0. List the prime factors of i.
5
Let g be 22/(-6) + 6 + (-1)/3. Suppose 0 = -4*t + g*j + 3706, 0 = -3*t - 0*t + 2*j + 2781. List the prime factors of t.
5, 37
Suppose 11890*d - 7847294 = 11799*d. List the prime factors of d.
2, 43117
Suppose -4*o + 17 = -7. Suppose -4*q + o*q - 50 = 0. Suppose 161 + q = 3*v. List the prime factors of v.
2, 31
Let g(a) = -17*a + 19. Let q be g(1). Suppose -3*f - q*j = -45 - 2184, 0 = -3*j. List the prime factors of f.
743
Suppose -55 = -y + q + 87, -q = 4*y - 553. Suppose 0 = 8*j - 85 - y. What are the prime factors of j?
2, 7
Let j(k) = -k**2 - 195*k + 199. What are the prime factors of j(-75)?
9199
Let b(h) = 2*h**3 - 35*h**2 - 19*h + 23. Let t be b(18). Suppose -10 = -t*w, a - 355 = -w - 4*w. List the prime factors of a.
3, 5, 23
Let c = 373 + -204. Let m = -416 + 662. Suppose 0 = 5*d - m - c. What are the prime factors of d?
83
What are the prime factors of (-13860)/(-2) - (-11 - -10) - 0/4?
29, 239
Let u = -2 - -2. Suppose u = 2*h - 0*h + 120. List the prime factors of (-4)/10 + (-5244)/h.
3, 29
Suppose -j + 2*c = -2464, -4*j = -6*c + c - 9874. What are the prime factors of j?
2, 619
Let u(o) = 29*o**2 - o + 1. Let d(n) be the third derivative of -n**5/60 + 5*n**4/12 - 7*n**3/6 - 37*n**2. Let i be d(9). What are the prime factors of u(i)?
5, 23
Let o be (-1*1076)/(-2*(-2)/(-12)). Suppose -1621 = -2*h - 5*p, 4*h + 4*p + o = 8*h. List the prime factors of h.
2, 101
Suppose 4*t + 2*o - 4 = -44, t + 3*o + 20 = 0. Let v be (6/(-5))/(t/20). Suppose 0 = v*h - 7*w + 2*w - 254, -316 = -4*h + w. List the prime factors of h.
2, 3, 13
Let k(h) = 26*h - 150. List the prime factors of k(84).
2, 3, 113
Let a = 4 + -2. Let f(j) = 2*j**2 + 139*j + 208. Let n be f(-68). Suppose a*r - n*u = 56 + 32, 0 = 2*r 